is the units digit of f(8)?
9
Suppose 0 = 6*u - 6287 + 959. Let g = u + -498. What is the hundreds digit of g?
3
Suppose l + 50136 = 5*c, c - 18*l - 10002 = -22*l. What is the hundreds digit of c?
0
Let s = 54 - -120. Suppose -3*q = 6, -b = 5*q - 579 + s. Let n = b + -277. What is the tens digit of n?
3
Let p = -601 + 633. Suppose 3248 = -p*v + 40*v. What is the hundreds digit of v?
4
Let m(z) = 6*z**2 - 73*z - 205. What is the ten thousands digit of m(-50)?
1
Let c = 1342 + -442. Let l = c + -505. What is the hundreds digit of l?
3
Suppose -152834 = -4*y - 2*z, -1380*y + 1378*y - 2*z = -76416. What is the hundreds digit of y?
2
Suppose t + 57260 + 15262 = 7*u, -2*u + 4*t + 20702 = 0. What is the hundreds digit of u?
3
Let a(z) be the third derivative of z**5/6 + z**4/8 - 2*z**3/3 + 3*z**2. Suppose -3*l + 4*h = -2*l + 2, -6 = -2*l - 2*h. What is the units digit of a(l)?
2
Suppose i = -h - 3*i + 16, -4*h - 2*i = -22. Let k = -1454 - -1494. What is the units digit of 1290/k + (-1)/h?
2
Suppose 0 = -4*h + 8*h. Suppose h = o - 9 + 8. What is the units digit of o + -3 + 108 + (-6)/(-3)?
8
Let q(f) = -3*f**2 + 3*f - 81. Let b(y) = 2*y**2 - 2*y + 82. Let r(a) = 4*b(a) + 3*q(a). Suppose -1 = -w - z, -1 = z - 2*z. What is the units digit of r(w)?
5
Let c(r) = -1452*r**3 - 6*r**2 + 13*r + 45. What is the units digit of c(-3)?
6
Suppose -5*y - 140079 = -2*h, -3*h - y + 308898 - 98720 = 0. What is the thousands digit of h?
0
Suppose -19*o + 36659 = 37*o - 172221. What is the hundreds digit of o?
7
Let n = 135 + -135. Let y be 2 - 1/(3/3). Suppose n = c - y - 0, 0 = -5*l - 2*c + 422. What is the units digit of l?
4
Let g = 551 + -551. Suppose -3*s - 2*i + 2526 = -g*i, -3*s - 5*i = -2526. What is the hundreds digit of s?
8
Suppose 75422 = 35*z - 66118. What is the tens digit of z?
4
Let h(j) = 2*j**3 - 21*j**2 - 127*j - 160. What is the units digit of h(31)?
4
Let w be 2206/(-6) + (-14)/42. Let k = w - -1346. What is the tens digit of k?
7
Suppose 121579 + 109701 = 35*g. What is the tens digit of g?
0
Let u(m) = -m**3 - 11*m**2 - 2*m + 2127. What is the hundreds digit of u(0)?
1
Suppose -67198 = -23*p + 229295. What is the thousands digit of p?
2
Let g = -10 + 4373. What is the hundreds digit of g?
3
What is the ten thousands digit of (-35)/((-1960)/974088) + 1/(7/4)?
1
Let f(p) = p**3 - 3*p**2 + 2. Let t be f(3). Suppose t*r - 6*r = -32. Suppose r*v = 11*v - 366. What is the hundreds digit of v?
1
Suppose 23*u - 129537 = 207643. What is the tens digit of u?
6
Let q(y) = 14*y**2 + 9*y + 24. Suppose -36*v = -20*v + 112. What is the tens digit of q(v)?
4
Let n = -44 + 29. Let x be (-5 + 2 - n)*-1. Let w = x - -43. What is the units digit of w?
1
Let s = 44 + -80. Suppose 251 + 40 = -3*w + f, -3*w - 291 = 4*f. Let y = s - w. What is the tens digit of y?
6
Let h(m) = 3*m**2 + 20*m - 10. Let g be h(-9). Suppose 0 = 52*t - g*t + 208. What is the tens digit of t?
0
Suppose 7*c + 3*n = 9*c + 17, c = 4*n - 6. What is the units digit of (c - 2)/4 + (-77)/(-7)?
8
Suppose -2*v + 20 = -2*j + 3*v, 12 = 4*j + 3*v. Suppose 2 = 5*p + 5*m - 8, -3*m = j. What is the units digit of (6/15)/(p/(2*15))?
6
Let g = 5065 - -9161. What is the ten thousands digit of g?
1
What is the hundreds digit of (13 - (-1089)/(-81)) + (-455375)/(-45)?
1
Let t(b) = -3*b**2 - 4*b + 51 + 4*b**2 - 15*b. Suppose 5*q + 14*q = 437. What is the tens digit of t(q)?
4
Suppose -4*g = -4*f + 1116, -26*f + 23*f = -2*g - 841. What is the tens digit of f?
8
Let f = 5099 - -2661. What is the hundreds digit of f?
7
Suppose 5*d + 2*y - 1 = -10, 4*y = d + 15. Let n(z) = -9*z**3 - z**2 + z - 1. Let c be n(d). Suppose -7*k + c = -2*k. What is the tens digit of k?
4
Let b(c) = -c**3 + 25*c**2 - 32*c - 10. Let x be b(27). Let o = -1632 - x. What is the tens digit of o?
0
Let f be (-1)/2*(15 - 15) - -16. What is the tens digit of (4/(f/(-420)))/(-1)?
0
Suppose 4*a - 25*p + 29*p - 37412 = 0, -a = -p - 9347. What is the tens digit of a?
5
Let j(y) = 532*y**2 + 237*y - 967. What is the tens digit of j(4)?
9
Suppose 0 = -458*o + 439*o. Let q(d) = d + 4. Let m be q(-2). Suppose 7*g - 9*g - 440 = -2*x, m*x + 4*g - 440 = o. What is the hundreds digit of x?
2
Suppose -5*i - 2 = 3*d, 7*i - 3*i + 4*d + 8 = 0. What is the hundreds digit of (6/(-3) + 37/i)*20?
3
Let x(u) = 222*u**3 - 44*u + 160. What is the thousands digit of x(4)?
4
Let l(d) = -15776*d**3 - 5*d**2 - 29*d - 28. What is the thousands digit of l(-1)?
5
Suppose 3*y = -y - 5*f + 967, 0 = y - 5*f - 223. Let o = y - -77. What is the hundreds digit of o?
3
Suppose -636 - 2714 = -5*t. Let d = t - 412. What is the units digit of d?
8
What is the thousands digit of 7099 + 5 + (2 - 2) + (-5 - -4)?
7
Let c = -1346 - -2058. Suppose 2*p - c = -4. What is the hundreds digit of p?
3
Suppose -6*p + p = -30. Let w = -1 + p. Suppose 9*t = w*t + 292. What is the units digit of t?
3
Suppose -161*o + 3103369 + 3230016 - 1043408 = 0. What is the tens digit of o?
5
Suppose 0 = 177*h - 199*h + 298914. What is the hundreds digit of h?
5
Let c(t) = 4078*t - 869. What is the units digit of c(2)?
7
Let b(w) be the third derivative of -w**6/120 + w**5/10 + w**4/24 - 5*w**3/6 - 6*w**2. Let t be b(3). What is the units digit of (70/t)/(2/(-3 + 93))?
6
Let y(n) = 3171*n - 4631. What is the tens digit of y(12)?
2
Suppose -49*m + 787825 = -24*m. What is the units digit of m?
3
Let g = 19 - -519. Suppose -d - g = -5*t, -t - 2*d + d = -110. Suppose 3*p - 12*p + t = 0. What is the units digit of p?
2
Let z(d) = 27*d**2 + 59*d. Let a(b) = b**3 + 31*b**2 + 28*b - 67. Let q be a(-30). What is the hundreds digit of z(q)?
9
Let b = -11911 - -18891. What is the hundreds digit of b?
9
Let n be 0 + (-8 - -1 - -5). Let o be n/(1 - (0 - 99/(-96))). What is the tens digit of 3*3/(-18)*o/(-2)?
1
Suppose 5*x - h = 171042, -277*x + 3*h - 102636 = -280*x. What is the tens digit of x?
0
Let m = 3319 - 1817. What is the tens digit of m?
0
Suppose -4*k = 3*u - 3*k - 46, 0 = -4*u - 2*k + 60. Let v = -16 + u. Suppose g - 2*g + 161 = v. What is the tens digit of g?
6
Let b(h) = h**2 - 35*h - 58. Let c(t) = t**2 - 35*t - 59. Let f(r) = 4*b(r) - 5*c(r). What is the tens digit of f(29)?
3
Suppose 21*r = r + 70180. Suppose 37*j = 8*j + r. What is the tens digit of j?
2
Suppose -4*d - 3794 = -6*d. What is the hundreds digit of d?
8
Let v = -517 - -521. Suppose -2*o + o + v*r + 614 = 0, -2*o + r = -1207. What is the tens digit of o?
0
Let b(w) = -14*w - 27. Let o(r) = -12*r + 97. Let a be o(9). What is the tens digit of b(a)?
2
Let g = -762 + 765. Suppose 0 = 2*k - 0*u + g*u - 902, -5*k + 3*u = -2213. What is the units digit of k?
5
Suppose 79*q + 756 = 61*q. Let d be (98/(-8))/(1/(-4)). Let f = q + d. What is the units digit of f?
7
Let z = -414 - -817. Let f = z + 197. What is the units digit of f?
0
Let c(f) = -498*f - 8. Let k be c(-1). Suppose -k = -7*t + 6503. What is the units digit of t?
9
Suppose 3*q + 3809 = 8*u - 12*u, 0 = -2*u - 4*q - 1902. Let w = u - -1603. What is the hundreds digit of w?
6
Let q be 2*(3252/(-48) - (-3)/(-4)). What is the units digit of ((-4)/(-18) - 154/126)*q?
7
Let t(y) be the second derivative of -5/2*y**2 - 16*y + 0 - 5*y**3. What is the tens digit of t(-4)?
1
Let c = 20 - 13. Suppose -2*k + c = 2*k + 3*v, 4*v = -5*k + 8. Suppose 2*f - 3*n = 448, -896 = -k*f - 0*n + n. What is the hundreds digit of f?
2
Let n be 16/(-2) + 40 + -34. What is the hundreds digit of (460 - n)*((-14)/(-21) - -2)?
2
Let c(u) = -2*u**3 - 2*u**2 + 10*u + 16. Let v be c(-2). Suppose -8*j + 9*j + 1909 = v*y, 2*y - 950 = -4*j. What is the units digit of y?
7
Suppose -3*m = 19*m - 12*m. Suppose m = 2*p - 1293 - 201. What is the hundreds digit of p?
7
Suppose 2*p - 5*p = -p. Suppose p = -3*b - 311 - 475. What is the units digit of b/(-11) + 155/(-55) + 3?
4
Let q(o) = 30 - 10 + 15 + 3*o**2 - 12*o + 0*o**2. What is the hundreds digit of q(8)?
1
Let k(x) = -11*x + 133. Let g be k(5). What is the tens digit of 36960/g - (-4)/26?
7
Let m(u) = -189*u + 70. Let d be m(-6). Let a = d + -590. What is the tens digit of a?
1
Let h(c) = c + 2. Let y be h(0). Let b = 173 + -167. What is the units digit of b/2 + 48/y?
7
Suppose 19*l - 13*l = 97086. What is the thousands digit of l?
6
Let l(h) = -h + 12. Let d be l(6). What is the 